2*q**2. What is n(-8)?
-4
Let x(k) = -k - 2. Suppose -5*o + 415 + 425 = 0. Let v = o + -311. Let f = -148 - v. Calculate x(f).
3
Let t(j) = 2 - 22 - 3*j - 19. Let q be (-39 - -1)/2 - (49 - 54). Let s be t(q). Let c(b) = -b**3 + b**2 + 5*b - 2. What is c(s)?
-5
Let j(k) = -2*k**2 - 2*k. Let l(a) = a**3 + 17*a**2 + 15*a + 20. Let f(b) = -4*j(b) - l(b). What is f(-8)?
-28
Suppose 16 = -i - 3*u, 2*i + 0*i + 3*u = -20. Let f be (20/(-6))/(3 - (-28)/(-12)). Let w = i - f. Let z(s) = -7*s. Determine z(w).
-7
Suppose z + 68 = 5*q, -2*q + 5*q = 3*z + 36. Suppose -i + 29 = 4*h, -23 = -5*h - 2*i + q. Let a(p) be the first derivative of p**2/2 + p - 82. Give a(h).
8
Let y(s) = 2*s**2 + 7*s + 8. Let v(i) = -i**2 + 80*i + 333. Let g be v(-4). What is y(g)?
5
Let o(s) = 5*s - 11 + s + 15 + 79. Calculate o(-15).
-7
Let y(z) = -z**3 + 37*z**2 + 9*z + 5. Let v(t) = t**3 - 29*t**2 - 7*t - 5. Let p(s) = -5*v(s) - 4*y(s). Calculate p(-3).
8
Let v(a) = -a**2 + 8*a + 40. Let f be (110/(-15))/((-76)/(-12) + -7). Determine v(f).
7
Let j be (5 - (-141)/(-9))*((-3)/2 - -3). Let s(t) = t**2 + 7*t - 146. What is s(j)?
-2
Let b(z) = 2*z**3 - 11*z**2 + 6*z - 6. Suppose 22774 = -28*r + 22858. What is b(r)?
-33
Let t(z) = -z**2 - 5*z - 6. Suppose -117 + 77 = -4*l - 4*y, -4*y = -12. Suppose -4*j - g = 1, 2*j = j + 2*g - 7. Let s be -7 + l - (3 - j). What is t(s)?
-2
Let g(m) be the first derivative of -m**2/2 - 4*m + 1. Let n(k) = 9*k + 36. Let h be n(-8). Let s be ((420/h)/(-7))/(1/(-3)). Determine g(s).
1
Let m(s) = 2*s**2 + 13*s + 13. Suppose -618*k - 78 = -605*k. Determine m(k).
7
Let y(b) be the second derivative of 38*b**3/3 - 191*b**2 - b + 4179. What is y(5)?
-2
Let v(b) = 301 + b - 298 + 0*b - 3*b + 15*b. What is v(1)?
16
Let s = 10109 - 10107. Let v(b) = -2*b**3 + 3*b**2 + 15*b - 23. Determine v(s).
3
Let p = 23 + -17. Suppose -p = 11*f - 6. Let t be (18 + 2)/5 - f. Let s(h) = -2*h**2 + 5*h - 3. Determine s(t).
-15
Let m(o) = -17*o + 10 + 6 - 10 + 11*o. Give m(1).
0
Let k(p) = -434*p - 56. Let q(h) = -174*h - 28. Let y(o) = -2*k(o) + 5*q(o). Calculate y(9).
-46
Let y(b) = -9*b + 23. Suppose -30*o = -14*o - 32. What is y(o)?
5
Let g(p) = 12*p + 81. Let a = 2505 + -2512. Determine g(a).
-3
Let d(l) = -13*l - 91. Let x be d(-7). Suppose x = t + 4, -2*f - 4*t - 10 = -2. Let r(k) = k**2 + 2 - 2 + 2 - 2*k. Calculate r(f).
10
Suppose -3*l - 20 = 2*u, 2*l - 7*l - 40 = 5*u. Let r(b) = b + 11. Let m be r(9). Let o(q) = -q**2 + q - 25 + 0*q**2 + m. Give o(u).
-25
Let i(f) = -5*f**3 - 11*f**2 + 19*f + 2. Let g(j) = 2*j**3 + j**2 - j. Let p(d) = -3*g(d) - i(d). Let v be p(4). Let r(y) = 3*y - 2. Give r(v).
-8
Let j(m) = 6*m + 3*m - 5 + m**3 - 2*m - 6*m - m**2. Let b be (-1 - -2)*18/3. Suppose b - 6 = -3*l. What is j(l)?
-5
Let i(c) = -26*c + 5*c - 3*c**2 + 0*c**2 + 16*c - 5 + 3*c. Give i(0).
-5
Suppose -381 = 38*v + 59*v - 1836. Let q(b) = -18*b + 271. What is q(v)?
1
Let p(u) = -u**2 + 4. Let f = 24 + -24. Suppose 2*d - i - 4 = f, 0 = 4*d + 3*i + 13 - 1. Suppose g + z - 1 = d, -2*z + 15 = 3*g - 3*z. Give p(g).
-12
Let u(p) = 3*p**3 - 6*p**2 - 7*p + 10. Let s be u(5). Let b(v) = -s*v + 1 + 395*v - 201*v + v**2. Determine b(7).
8
Let i(o) = -14*o + 1174. Let q be i(84). Let t(h) = -3*h**3 - 3*h**2 + 2. Calculate t(q).
14
Let p(c) be the second derivative of 19*c**4/12 + c**2/2 - 1481*c. Calculate p(-1).
20
Suppose 48*i - 4 - 111 - 29 = 0. Let w(b) = b**3 - 2*b**2 + 3*b + 4. Give w(i).
22
Let i(n) = n - 10. Suppose 0 = -0*b - 2*b - 304. Let j be (b/(-20))/(17/5 - 3). Let p = -9 + j. Determine i(p).
0
Suppose 4*h + 5 = 9. Let u be (h - 2)/((-6)/24). Let k(b) be the third derivative of b**4/24 - 5*b**3/6 + 48*b**2. Give k(u).
-1
Let w(u) be the first derivative of u**3/3 - 18*u**2 + 313*u + 7350. Determine w(15).
-2
Let o be 9/3 + -8 - -2. Let k(s) = -221*s - 6. Let l(c) = 736*c + 18. Let y(q) = 10*k(q) + 3*l(q). Calculate y(o).
0
Let m(w) = -2*w**3 - 5*w**2 - 3*w - 4. Suppose 9*i + 10 = 4*i. Let d be m(i). Let u(g) = 3*g**2 + 2*g + 1. Calculate u(d).
9
Suppose -1682 + 1662 = -5*d. Let r(w) be the third derivative of -1/24*w**d + 0*w + 0*w**3 + 0 + 8*w**2. Give r(-4).
4
Suppose 2*j - 16 = -6*j. Suppose 6*r = j*r + 12. Suppose r*f = -6 - 9. Let o(w) = w**3 + 5*w**2 + w - 3. Give o(f).
-8
Let o(a) = a**2 + 7*a + 7. Let q(l) = 5*l - 4 - l + 6*l**2 - 8*l**3 + 7*l**3. Let f be q(6). Suppose 9*p - 5*p + f = 0. Determine o(p).
-3
Let u(q) = q**2 - 11*q + 24. Let x(k) = k + 1. Let t(c) = -u(c) + 2*x(c). Let g be t(11). Let z(r) = -4*r + 2 - 9 + 8*r + g*r. Determine z(5).
13
Let h(p) be the third derivative of -p**7/2520 + p**6/180 + 13*p**5/60 - p**3/6 + 27*p**2. Let j(v) be the third derivative of h(v). Give j(-3).
10
Let j = -14147 - -14144. Let u(m) = -m + 4*m + 0*m + 2*m**2 + 2. Determine u(j).
11
Let r(t) be the third derivative of t**4/4 - 7*t**3/6 - 461*t**2. Let z be ((24/16)/3)/(2/(-28)). Determine r(z).
-49
Let u(g) = g**3 + 14*g**2 + 10*g - 43. Let i(d) = -45*d**2 + 945*d - 13. Let n be i(21). Give u(n).
-4
Let a(r) = -11*r**3 - 7*r**2 - 7*r - 12. Let i(y) = -57*y**3 - 36*y**2 - 36*y - 63. Let d(x) = -21*a(x) + 4*i(x). Determine d(-2).
-18
Let d(n) = -n + 45. Let p(f) = 199*f + 10366. Let i be p(-52). Give d(i).
27
Let j(x) = -x**3 + 17*x**2 + 17*x + 28. Suppose -108*l + 1260 = -38*l. Determine j(l).
10
Let m(q) be the first derivative of q**2/2 - 6*q - 42. Let v(d) = 2*d + 2. Let z be v(-2). Let u be 3/z*(-240)/(-72). Calculate m(u).
-11
Let z(k) be the third derivative of -k**6/120 - 3*k**5/20 + k**4/2 + 3*k**3 - 13*k**2. Let w be z(-10). Let y(r) = -2*r**3 - 2*r**2 - 2*r - 2. Calculate y(w).
10
Suppose -3*s + s + 312 = -4*k, 0 = 4*k - 4*s + 316. Let g = k + 94. Suppose -3*a - 3*w + 21 = 0, -2*a - 3*a + w = -g. Let c(y) = 3*y - 2. Calculate c(a).
10
Suppose 144*p - 39 = 121*p + 53. Let x(j) be the first derivative of 7/3*j**3 + 3*j - 15 + 1/2*j**2 + 1/4*j**p. Determine x(-7).
-4
Let y(s) = s**3 + 5*s**2 + 3*s + 1. Let q(z) be the second derivative of -z**3/3 + 7*z**2/2 - 24*z. Let i be q(-8). Let b = i + -28. What is y(b)?
-14
Let i(z) = -z**2 + 2322*z + 3 - 4289*z + 1977*z. Let v = 1 - -9. What is i(v)?
3
Let q(j) = 5*j + 6. Let v(s) = -5*s - 7. Let y(r) = 6*q(r) + 5*v(r). Let p = 41363 - 41358. What is y(p)?
26
Let x(p) = 235 - 86 - 66 + 2*p - 45 + p. Determine x(-9).
11
Suppose -f = -2*f + 5. Let o(d) = 5*d**2 - f*d + 6 - 10 - 12*d**3 - 1. Let y(p) = -p**3 + p**2 - p - 1. Let j(g) = o(g) - 5*y(g). Calculate j(1).
-7
Let f(u) = 25*u**3 + 51*u**2 + 2*u + 271. Let o(b) = 8*b**3 - b**2 - b + 1. Let r(a) = -f(a) + 3*o(a). Calculate r(-54).
2
Let n(j) be the third derivative of 37*j**5/60 - 31*j**4/24 - j**3/6 - 13*j**2 - 2. Let i(w) = -13*w**2 + 11*w. Let k(d) = 17*i(d) + 6*n(d). Calculate k(-3).
0
Let d be (-3)/((-12)/10)*(-6)/(-5). Let o(n) = -5 - 2*n - 423*n**3 - 7*n**2 + 422*n**d + 2*n. What is o(-7)?
-5
Let h = 5142 + -5150. Let s(v) = -v**2 - 10*v - 28. Determine s(h).
-12
Let m(i) = -i - 12. Let t(w) = w**2 + 3*w - 54. Suppose -8*a - 44 - 28 = 0. Let j be t(a). Give m(j).
-12
Let m = 5060 - 5057. Let a(p) = 13*p - 5. Determine a(m).
34
Suppose -4*g = -9*g - 5. Let w(m) = -15*m**2 - 54*m. Let f(u) = 119*u**2 + 441*u. Let r(t) = -6*f(t) - 49*w(t). Give r(g).
21
Let a(p) be the first derivative of -p**3/3 - 17*p**2/2 - 4*p - 343. Determine a(-18).
-22
Let d(r) = -r**3 + 5*r**2 - 4*r + 5. Let t = -23 + 29. Suppose 4*v - 2*v + i = t, 3*v + 3*i - 6 = 0. Determine d(v).
5
Let m(v) be the second derivative of -4*v**3/3 + v**2 + 17*v + 12. Calculate m(-2).
18
Let s(k) = 5*k**2 + 18*k - 22. Let p(y) = 2*y**2 + 4*y - 2. Let o(d) = -3*p(d) + s(d). What is o(7)?
-23
Let n = 23 - 15. Let d(o) = 205*o**2 + 7*o + 21. Let q(h) = 261*h**2 + 8*h + 26. Let k(s) = 14*d(s) - 11*q(s). What is k(n)?
24
Let q(y) = 2*y**2 - 10*y - 21. Suppose -18*u - 434 = -542. Determine q(u).
-9
Let z(g) = g**2 + 205*g - 4023. Let m be z(18). Let i(a) = -2*a**3 - 19*a**2 - 17*a - 17. Give i(m).
55
Let j(v) = 21*v - 1. Let p(c) = 15*c**3 - 3*c**2 + 10*c + 5. Let u be p(3). Let g = 414 - u. Determine j(g).
20
Let n(t) = 44*t**2 - 5*t + 4. Let c(h) = -90*h**2 + 11*h - 11. Let o(f) = -2*c(f) - 5*n(f). Calculate o(-1).
-41
Let k(u) = u**2 - 6*u - 6. Let d(h) = 7*h**2 - 4*h + 24. Let w be d(10). Suppose -w = -26*t 